.
72
Suppose -62622 = 14*u - 156*u. Calculate the highest common factor of 72 and u.
9
Suppose -215*n + 216483 = 4923. What is the greatest common factor of n and 574?
82
Let y(a) = 13*a + 209. Let b be y(7). Suppose 35*i - 41*i + b = 0. What is the greatest common factor of i and 75?
25
Let z = -6209 + 7640. Calculate the greatest common divisor of z and 108.
27
Suppose 350 = 5*v + 2*d - 414, 3*v - 450 = -4*d. What is the highest common divisor of v and 14?
14
Let n be 11*(-36)/1980*(-42 - 3). Suppose -2*z - 459 = -3*z. What is the highest common factor of z and n?
9
Let p(q) = 378*q - 41. Let h(v) = 5*v - 28. Let k be h(6). Let z be p(k). What is the highest common divisor of z and 65?
65
Let w(g) = -28*g**3 - g**2 + 26*g + 63. Let v be w(-2). Calculate the greatest common factor of v and 2013.
33
Let m be (432/(-90))/(4/(-10)). Let v = -10302 + 10450. Calculate the highest common factor of m and v.
4
Let h = 53 - 51. Suppose 0 = j - 2*j - 1. Let t be h/(-2)*-30 + j + 4. What is the highest common divisor of t and 132?
33
Let u(s) = -4*s - 15. Let h be 1/(4 - 126/30). Let n be u(h). What is the highest common divisor of n and 145?
5
Let h be (-1794)/69*(-10)/8*134. What is the greatest common factor of h and 195?
65
Let t be (-72)/(-324) - 122/(-18). Suppose 188 = t*b + 62. Calculate the highest common divisor of 9 and b.
9
Let l(d) = d**3 - 13*d**2 - 12*d - 23. Let w be l(14). Suppose -5*j = o - 47, -3*o + w*o = -2*j + 14. What is the greatest common divisor of 170 and j?
10
Suppose -4*c + 48 = -2*q + 3*q, -3*q + 137 = 5*c. Suppose -4*f + q = -2*f. Let x be (15 - (-9 - -25)) + 78. What is the greatest common divisor of x and f?
11
Let g = -3470 - -3482. Let k = -7 - 23. Let o be k/(-8)*112/21. What is the greatest common divisor of g and o?
4
Suppose -32*m + 34*m + 2*h = 58, -4*h - 49 = -m. Let g(n) = n**3 - 32*n**2 - 29*n + 21. Let u be g(m). What is the highest common factor of u and 561?
51
Suppose -62 = -4*r - 2*i, 4*r - 2*i - 16 = 26. Let x(q) = -q**2 + 22*q - 66. Let c be x(r). What is the highest common divisor of c and 255?
51
Suppose 141*a - 11885 = 4009 - 3204. What is the highest common factor of a and 1854?
18
Let y = -9 + 17. Suppose 13*j - 5 = y*j. Let z be ((-32)/(-12))/(j/12). What is the greatest common factor of 352 and z?
32
Let r(v) = v**3 - 9*v**2 + 8*v - 3. Let h be r(7). Let b = -32 - h. Let u be ((-40)/60)/(-1 - (-308)/312). Calculate the highest common factor of u and b.
13
Let n be ((1/15)/((-13)/(-78)))/((-4)/(-21080)). Calculate the greatest common divisor of 62 and n.
62
Let q be 5 + (-64)/24 + (-25)/75. Suppose -b = b - 10. Let k = 17 + b. Calculate the greatest common divisor of k and q.
2
Let z(q) = -86*q - 6060. Let m be z(-75). Calculate the highest common divisor of m and 6162.
78
Suppose -43 = -9*w + 20. Suppose -w + 5 = -f. Let d be (-2728)/(-44) + 4 + f/(-2). What is the greatest common divisor of 13 and d?
13
Let w = 332 + -123. Let k(y) = -7*y**3 + 4*y**2 - y - 1. Let o be k(-1). Calculate the greatest common factor of w and o.
11
Let t = -3333 + 3865. Calculate the highest common factor of t and 21.
7
Suppose 0 = 5*m + c - 33, 0 = m + 2*c - 0 - 12. Let d = m - 0. Let f = 1760 + -1756. Calculate the highest common divisor of f and d.
2
Let s = 10878 + -6099. Calculate the highest common divisor of s and 81.
81
Let k(r) = -r**2 + r + 10. Let p be k(3). Suppose -4*q + p*j + 544 = -j, 0 = 3*j + 12. Let a = -89 + q. What is the highest common divisor of 14 and a?
14
Suppose -63*v + 60*v = -12. Suppose -5*p - 4*j + 538 = -0*j, v*p - j - 422 = 0. Suppose -p*o = -101*o - 100. What is the greatest common divisor of o and 50?
10
Let c(z) = -57*z - 15. Suppose -10*x + 31*x + 168 = 0. Let s be c(x). Calculate the greatest common divisor of 196 and s.
49
Suppose 0*h - 128 = -4*h. Suppose -v = x - 44, 14*x - 10*x - v - 196 = 0. What is the highest common divisor of h and x?
16
Suppose 0 = 103*a - 86*a - 680. Suppose -16 = -2*t + a. Suppose 240 = g - 3*i - 0*i, 3*g + i - 760 = 0. Calculate the highest common divisor of t and g.
28
Suppose 752*u - 753*u = -120. Let b = 27 + 9. What is the greatest common divisor of b and u?
12
Let n be -30*3*20/(-9). Let a = 141 - 141. Suppose -d + 176 - 151 = a. Calculate the highest common divisor of d and n.
25
Let h(q) = 4*q**3 - q. Let r be h(2). Let u = 39009 + -38759. What is the greatest common divisor of r and u?
10
Let r(j) = -j**2 - 39*j - 156. Let k be r(-7). What is the greatest common divisor of k and 306?
34
Suppose -b = -5*j - 13175 - 1811, 3*j + 24 = 0. Calculate the greatest common factor of 318 and b.
318
Suppose 139 = 3*t + 61. What is the greatest common factor of 1742 and t?
26
Let r(o) = 10*o**2 - 193*o - 21. Let g be r(21). What is the greatest common factor of 4284 and g?
84
Suppose 28*s - 76637 = -313*s + 88407. What is the greatest common factor of s and 704?
44
Let m(j) = j**3 + 19*j**2 + 15*j + 22. Let t be m(-18). Suppose 0 = -z + 2*z - 1, -5*n - z + t = 0. Calculate the greatest common factor of 480 and n.
15
Let x(r) = -48*r + 453. Let g be x(-17). What is the greatest common factor of 705 and g?
141
Let z(w) = 5*w**2 - w. Let d be z(2). Let p(o) = 39*o**2 + 45*o - 30. Let f be p(-4). What is the greatest common divisor of d and f?
18
Let y be 16*6/(-8)*(-14)/21. Suppose -y*h + 8 = -128. Suppose 3*q - 85 = -2*q. Calculate the greatest common divisor of q and h.
17
Suppose 6 = -3*g, -a - 5*g - 6 - 3 = 0. Let y be (-2 + (3 - a))/2 - -7. Calculate the greatest common divisor of 56 and y.
7
Let z = 11 - -2. Suppose 0 = 3*d - 24*d + 63. Let m(j) = -19*j + 187. Let o be m(d). Calculate the highest common factor of o and z.
13
Suppose 0 = 4*s - 6*s - 4*z + 12204, -12202 = -2*s - 5*z. What is the highest common divisor of s and 142?
142
Let f be 1 + 0 + (-10)/(-5)*1. Suppose -f*o + 42 = 5*m + 13, 0 = o - 3. Suppose -120 = m*n - 12*n. Calculate the greatest common divisor of n and 10.
5
Suppose -3*c = -4*q - 30 - 42, -3*c = 3*q - 51. Let p be (2 - c/4) + 3. Suppose 0*b - 4*b + 52 = p. Calculate the highest common divisor of 78 and b.
13
Let o(d) = -735*d + 378. Let g be o(0). Calculate the greatest common factor of g and 864.
54
Let o = 14 - 1. Let m be -68 - 41/((-410)/60). Let i = o - m. Calculate the greatest common factor of 15 and i.
15
Suppose 1950 = 4284*u - 4269*u. Calculate the highest common divisor of 190 and u.
10
Let q be (2/5)/((-4)/(-3780)). Let t(k) = k + 14. Let j be t(-14). Suppose j = -2*n + 75 + 9. What is the highest common divisor of q and n?
42
Suppose 0 = -404*a + 256968 + 625772. What is the highest common factor of a and 1520?
95
Let p(m) = -m**3 + 34*m**2 - 207*m - 6. Let f be p(26). What is the greatest common factor of 1490 and f?
10
Let j(s) = 3*s**3 - 54*s**2 + 3*s - 48. Let p be j(18). Suppose -2*a + 2*l = -96, -3*l + 168 = -p*a + 9*a. Calculate the highest common divisor of 39 and a.
13
Let a(y) = -2*y**3 + y**3 - 13*y**2 - 29 + 9*y + 2*y. Let x = -35 + 21. Let r be a(x). What is the greatest common divisor of r and 39?
13
Let o = -18430 + 42541. What is the highest common factor of 19 and o?
19
Let k be ((-6)/4)/((-15)/170). Suppose -k*i + 60 = -14*i. What is the greatest common divisor of 40 and i?
20
Let a be 36/(((-3)/2)/(-3)). Let k = -172 - -171. Let h be 12 + (6 - 3)*k. Calculate the greatest common divisor of h and a.
9
Suppose 28 = 13*d - 11. Suppose -49*v + 50*v = -2*b + 413, d*b + 3*v = 618. Calculate the greatest common factor of b and 46.
23
Let u be (4 + -11)*(-11 - -4 - -4). Suppose 49*j - u*j - 1848 = 0. Let r be (2 + 0)*(-22)/(-2). What is the greatest common divisor of j and r?
22
Let i = -1 + 2. Let k = -57 + 57. Suppose 6*l - 6 = -k*l. What is the highest common factor of i and l?
1
Let s(h) = 2*h**2 + 19*h - 56. Let n be s(-13). Let q be (-259)/n + 8 - (-2194)/10. Calculate the greatest common divisor of q and 10.
10
Suppose 19*m - 483 = -93 + 636. What is the highest common factor of 801 and m?
9
Let t(o) be the second derivative of o**5/20 - 7*o**4/6 - 4*o**3/3 - 93*o**2/2 - 2*o - 1. Let v be t(15). Calculate the highest common divisor of 492 and v.
12
Let n = -13 - -16. Suppose -1 = -n*k + 14. Let z be (-6)/18 + ((-332)/6)/(-1). What is the greatest common factor of k and z?
5
Let v = 394 + -228. Su